3*t + 5*p - 28. What is the remainder when t is divided by 4?
2
Suppose 0*w - 4*w = -64. Suppose -3*l - l = 0. Suppose 4*b - 6*b + 60 = l. What is the remainder when b is divided by w?
14
Let t(i) = -i**2 + 5*i + 24. Suppose -4*c + 103 = 5*n, -3*n - c = -5*c - 49. Calculate the remainder when n is divided by t(7).
9
Suppose 3*w = 3*t + 18 + 51, 3*t + 5*w + 37 = 0. Let v = -14 - t. Calculate the remainder when v is divided by 4.
1
Suppose 3*u + 2 = -5*y, 5*y + u - 26 = 5*u. Suppose -y*g - g + 15 = 0. Let z(w) = w**3 + 7*w**2 - 7*w + 11. What is the remainder when g is divided by z(-8)?
2
Let u = -20 - -45. Calculate the remainder when 43 is divided by u.
18
Suppose -l - 9 = 3*b, 0 = -2*l + 3*b - 2*b + 10. What is the remainder when 18 is divided by l?
0
Suppose -4*h - 2*r + 3*r + 7 = 0, 0 = -4*h + 3*r - 3. Suppose 0 = -i + h*i - 22. Calculate the remainder when i is divided by 2 + (2 - 4/(-2)).
5
Suppose -15*b = -10*b - 90. Suppose 0 = 4*i + 2*q - 130, 2*i - 3*i + 5*q + 60 = 0. What is the remainder when i is divided by b?
17
Let j(a) = a**2 + 9*a + 6. What is the remainder when j(-13) is divided by 19?
1
Suppose 0 = -3*n - 8 + 23. Suppose -4*g + 26 = -5*k, 0*g + n*g - 5*k = 30. Suppose 3*w = 2*w + 2. Calculate the remainder when g is divided by w.
0
Let l(r) = -r**2 + 12*r + 5. What is the remainder when 46 is divided by l(11)?
14
Suppose 0 = -2*d + 2*s + 88, 3*d + 3*s - 8*s = 124. Calculate the remainder when d is divided by 17.
14
Let n(m) = m**2 + 33*m + 49. Let b = -63 - -91. Calculate the remainder when n(-34) is divided by b.
27
Let s(y) be the second derivative of y**4/12 - y**3/6 - y**2/2 - 2*y. Calculate the remainder when s(4) is divided by 7.
4
Let u = 5 - -15. Calculate the remainder when u is divided by 11.
9
Suppose 80 = 4*c - 4*q, 0 = -0*c - 4*c - q + 105. What is the remainder when 49 is divided by c?
24
Let s = 2 - -28. Let h = -17 + s. What is the remainder when 38 is divided by h?
12
Let w(i) = i**3 - 4*i**2 + 4*i - 8. Calculate the remainder when 13 is divided by w(4).
5
Suppose 16 - 81 = -5*y. Calculate the remainder when (-2)/(-4)*(3 - -69) is divided by y.
10
Calculate the remainder when 654/14 - 26/(-91) is divided by 12.
11
Let w be -1 - 2/(-1) - -2. Suppose -w*k = 2*z + 11, -z + 4*z - 5*k - 12 = 0. Let u(v) = 4*v**2 + 1. What is the remainder when 8 is divided by u(z)?
3
Let c(m) = -m**2 - 20*m - 45. Calculate the remainder when 28 is divided by c(-17).
4
Suppose 5*j - 60 - 50 = 0. Calculate the remainder when j is divided by 3.
1
Suppose -6 = 2*m - 4*t - 4, -2*m + 3*t - 1 = 0. Let p(f) = -26*f + 9*f - 7*f - m. What is the remainder when p(-1) is divided by 12?
11
Let o = -11 - -15. Let y(p) = 3*p - 6. What is the remainder when 17 is divided by y(o)?
5
Let a = -5 + 52. What is the remainder when a is divided by 16?
15
Let q = 11 + -8. Calculate the remainder when q is divided by 3/(-2)*(-4)/3.
1
Calculate the remainder when 7 is divided by (3 + -6 + 0)/((-4)/8).
1
Calculate the remainder when 22 is divided by -7*(0 - (-48)/(-28)).
10
Let l = 114 - 64. Suppose 58 = 5*u + a, -3*u + a + l = u. What is the remainder when 45 is divided by u?
9
Let o(h) = -h**3 + 4. What is the remainder when 59 is divided by o(-3)?
28
Let f = -36 - -16. Let b = 30 + f. What is the remainder when 28 is divided by b?
8
Suppose v - 4*v + 114 = 0. Let x(n) = -n**3 - 6*n**2 - 4*n + 2. Let o be x(-4). Let f = o + 27. Calculate the remainder when v is divided by f.
12
Let p(n) = 2 + 0*n - n - 6. Let b be p(-6). Suppose b*w - 18 = 18. Calculate the remainder when w is divided by 10.
8
Let h be 6*(1/(-2))/(-1). Suppose -h*z - 20 = -125. Calculate the remainder when z is divided by 12.
11
Suppose -2*b + 60 = 18. What is the remainder when 41 is divided by b?
20
Let h(v) = -2*v + 4. Let j be h(4). Let o = -7 + j. What is the remainder when 1 + o/(-2)*4 is divided by 12?
11
Let o be 5/(-1 - (1 - 3)). Suppose -o*i - 15 = 40. Let q(z) = -z**2 - 14*z - 15. Calculate the remainder when q(i) is divided by 7.
4
Let l = -34 + 20. Calculate the remainder when 13 is divided by 0 - l/2 - 0.
6
Let b = -4 - -20. Suppose 0 = 2*q + 3*a - 25, -a = 3*q - b - 4. Suppose u - 3 = -1. What is the remainder when q is divided by u?
1
Let h(t) be the third derivative of -5*t**4/12 - 2*t**3/3 - 6*t**2. Calculate the remainder when 30 is divided by h(-2).
14
Suppose 34 = m - 3*s, -100 = -4*m + s + 2*s. Calculate the remainder when m is divided by 8/(40/(-15)) + 14 + 1.
10
What is the remainder when (36/4)/(2/18) is divided by 14?
11
Let c = 76 - 54. Let t = -12 + c. What is the remainder when 39 is divided by t?
9
Let f = 1 + 2. What is the remainder when (f - 4)*1*-22 is divided by 6?
4
Let g = 22 + -16. Let q(d) = d**2 - 2*d - 1. Suppose -5*l = -3*l - 24. Calculate the remainder when q(g) is divided by l.
11
Suppose -5*x + 52 = -53. What is the remainder when x is divided by 8/12*12 + 4?
9
Let c = 34 - 18. Let b(f) = f**2 - 7*f - 6. Let o be b(8). Suppose 13 = o*i - 5. What is the remainder when c is divided by i?
7
Let q(l) = l**3 - 6*l**2 - 4*l - 10. Let v be q(7). Suppose -2*t + 5 + v = 0. What is the remainder when 21 is divided by t?
5
Let f = -247 + 358. What is the remainder when f is divided by 28?
27
Let s be (-12)/(-8)*-1*8. Let p be 1/(-4) + (-3)/s. Let r(u) = u**3 + u**2 + 7. Calculate the remainder when 25 is divided by r(p).
4
Let t(p) = -p**3 + 11*p**2 + 15*p - 8. What is the remainder when t(12) is divided by 7?
0
Let h be (28/(-8))/((-1)/30). Suppose d - 6*d + h = 0. Calculate the remainder when 62 is divided by d.
20
Suppose -f - 5*q = 3*f + 886, 3*q = -5*f - 1101. Let o = 12 - 3. Calculate the remainder when f/(-13) - (-4)/26 is divided by o.
8
Let f(w) = 11*w + 95. Suppose 11 = -2*h + 3*h. Calculate the remainder when h is divided by f(-8).
4
Let b = -49 - -93. Let w(n) = n - 23. Let a(j) = 1. Let r(v) = 6*a(v) - w(v). What is the remainder when b is divided by r(14)?
14
Let q be (2 - -15)/((-2)/(-2)). Suppose -5*o - 127 = -4*x + q, 36 = x + 2*o. What is the remainder when x is divided by 13?
10
Let g be ((-138)/5)/((-3)/10). Let h = -66 + g. Calculate the remainder when h is divided by 14.
12
Let o = 160 + -73. Calculate the remainder when o is divided by 30.
27
Let w = 450 + -315. What is the remainder when (2/(-3))/((-6)/w) is divided by 8?
7
Let g be 1/(1 - 0)*-1. Let p(f) = -8*f + 1. What is the remainder when p(g) is divided by 5?
4
Suppose -m - 2*m = -5*r - 103, 5*r = 5*m - 155. Let d = 34 + -57. Let o = 37 + d. Calculate the remainder when m is divided by o.
12
Let x = -5 - -3. Let n(k) = -k + 1. Let w be n(x). Suppose 3*s - 4*i = 11, 4*s - 2*s - 8 = w*i. Calculate the remainder when 2 is divided by s.
0
Calculate the remainder when 47 - 5*(-4)/10 is divided by (-22)/(-4)*2 + 2.
10
Let a(z) = z + 10. Let y be a(-8). Let o = 2 + y. Calculate the remainder when 15 is divided by o.
3
Let o(d) = -d**2 + 10*d + 6. Let u be o(11). Let j = u + 15. Calculate the remainder when j is divided by 3.
1
Suppose -6 + 9 = -p. Let z(j) be the second derivative of -3*j**5/20 - j**4/3 - 2*j**3/3 - 3*j**2/2 - j. What is the remainder when z(p) is divided by 14?
12
Let u = 16 - 5. What is the remainder when 31 is divided by u?
9
Let m(t) = 9*t**2 + 4*t - 4. Let b(x) = 6*x**2 + 3*x - 3. Let h(y) = -7*b(y) + 5*m(y). Let s = 0 + 6. What is the remainder when h(2) is divided by s?
5
Let j = -3 + 10. What is the remainder when 54 is divided by j?
5
Suppose 7*u - 48 = 561. Calculate the remainder when u is divided by 18.
15
Suppose 5*h - 30 = 15. What is the remainder when 89 is divided by h?
8
Suppose 3*r + 0*r = 24. What is the remainder when 12 is divided by r?
4
Suppose 4*k + 8 = -2*t, -t - 2 = 2. What is the remainder when 13 is divided by 1*6 - k - 1?
3
Let g be (-2)/5 + (-2)/(-5). Suppose g = -3*y - w - 131, 2*y - 2*w + 0*w = -90. Let v = -30 - y. Calculate the remainder when 40 is divided by v.
12
Suppose -4*w - 12 = 12. Let x = w + 15. What is the remainder when 15 is divided by x?
6
Let o(x) = x**3 + 8*x**2 + 10. What is the remainder when o(-7) is divided by 21?
17
Let b = 8 - 5. Let z be (1/(-2))/((-1)/4). Let h = b - z. Calculate the remainder when h is divided by 1.
0
Suppose 0 = -0*y + 2*y - 104. Suppose 6*f - s - y = f, 3 = s. What is the remainder wh